derivative of a**5/120 + 7*a**4/24 - 25*a**3/3 + 14. Let z(k) be the third derivative of b(k). Give z(-6).
1
Suppose 8*h - 23 = 13*h + j, 7 = 2*h - 5*j. Let q(z) = -z**2 + z. Let p(g) = 4*g**2 - g - 3. Let c(a) = p(a) + 3*q(a). Give c(h).
5
Let v = 19 - 16. Suppose -v*l = -0*l + 3*u + 6, -3*u - 18 = -l. Let o(x) = x**3 - 3*x**2 - 2*x. Calculate o(l).
-6
Let n(u) = -17. Let g(i) = -i + 11. Let a(s) = -8*g(s) - 5*n(s). Calculate a(3).
21
Let v(j) = j**2 - 7*j + 2. Let n(g) = -g**2 + 9*g + 6. Let d be n(7). Suppose -5*i = 5*q - d, 5*q - 22 = -5*i + q. Give v(i).
-4
Let c(v) = v**3 + 3*v**2 - 2*v - 3. Let p(x) = x**2 + 15*x + 12. Let z = 21 - 35. Let o be p(z). Give c(o).
5
Suppose -5*k = 5 - 0. Let a(m) be the second derivative of m**5/4 - m**4/6 - m**3/6 - 43*m - 29. What is a(k)?
-6
Let q(b) = 2*b**2 + b - 4. Let w = -2 - -4. Suppose w = 2*g - 0. Let m be (g + 0 - 3) + -1. What is q(m)?
11
Suppose -2*f = -2*i - 0 - 6, -25 = -5*f - 5*i. Let a(t) = t**2 - 6*t - 4. Give a(f).
-12
Let d(g) = 4*g**3 - g**2. Suppose 3*l = f, -4*f - 2*l = -f. Let n be (5 - (f + 3))/2. Let r be -5*n - (0 + -4). Give d(r).
-5
Let u(y) = -18 - 3*y - 5*y - 19 - y + 33. Calculate u(3).
-31
Let l(u) = -u + 0*u - 3 + 2*u + 0*u. Suppose -25 = -5*d, -3*f - 2*d + 9 + 25 = 0. Let p be 2/8 - (-38)/f. Determine l(p).
2
Let n = -8 + 8. Suppose 2*r + 10 = -n*r. Let h be 6/r*(-5)/2. Let p(w) = w**2 + 2. Determine p(h).
11
Let w(b) be the first derivative of -3*b**2/2 + 7*b - 205. What is w(6)?
-11
Suppose 43*m - 260 = -22*m. Let o(k) = k**2 - k + 2. Let w be o(0). Let p(c) = -3 + c**w - 5*c + c + 2. Determine p(m).
-1
Let c(q) = q**3 - 13*q**2 - 13*q - 6. Let a = 878 + -864. Calculate c(a).
8
Let n(l) = 7*l + 1. Let m(h) = -19*h - 4. Let a(k) = -3*m(k) - 8*n(k). Suppose z + 9 = -2*z. Give a(z).
1
Let f = -1120 - -1119. Let h(q) = -3*q**3 - q**2 - 2*q - 1. Give h(f).
3
Let u(q) = -11 + 2 + 369*q - 372*q. Determine u(11).
-42
Let t(o) = -o - 3. Suppose -4*h = 11 + 9, 3*x - 1 = -h. Let a = -9 + 12. Suppose a*m + 4*n = 5, -6*n - 11 = -x*m - n. Give t(m).
-6
Let v(h) = 5*h**3 - 11*h**2 + 4*h + 4. Let u(x) = -6*x**3 + 12*x**2 - 5*x - 6. Let o(z) = 4*u(z) + 5*v(z). Determine o(7).
-4
Suppose 171 = 5*j - b - 3*b, -3*b - 67 = -2*j. Suppose -7*n = -2*n - j. Let r(k) = -4*k + 9. Let q(w) = 3*w - 10. Let u(x) = -3*q(x) - 2*r(x). What is u(n)?
5
Suppose -2 = 2*q + 4*z, 3 = 5*q - 4*z - 6. Let k(o) = o**3 - 3*o**2 + 2*o - 1. Let h be k(3). Let n(m) = 0*m - 1 - 2*m + h*m. Calculate n(q).
2
Let o(x) = x**2 - 2*x - 2. Suppose 0 = -3*b + 2*b + g, -b = -5*g + 8. Suppose -b*v + 45 = -7*v. Let s = v + 13. Calculate o(s).
6
Let w(x) = x**2 + x - 1. Suppose -5*u - 22 = -10*u + 4*s, 5*u - 25 = 5*s. Give w(u).
5
Let p = -13 + 8. Let a(y) be the second derivative of -y**3/6 + y**2/2 + 32*y. Let n(b) = -3*b + 3. Let c(i) = -2*a(i) + n(i). What is c(p)?
6
Let g(n) = n**2 + n + 1. Let i = 41 + -38. Suppose 2*x = 2*a + 2 + 4, 2*a = -i*x - 16. What is g(x)?
3
Let y(z) = 4*z**2 - 3*z + 3*z**2 - 5 + 4*z**3 + 2*z**2. Let i(h) = 10*h**2 - 6 - 4*h - 1686*h**3 + 1691*h**3 + 0*h. Let x(p) = 3*i(p) - 4*y(p). Determine x(-6).
2
Let r(a) = 3*a + 2. Suppose 15*k - 5 + 65 = 0. Determine r(k).
-10
Let c(r) = 5*r - 6. Let k be 26/(-3)*(-6)/4. Suppose 0 = 11*b - k - 42. Determine c(b).
19
Suppose h - 5 = -3*l, l = 4*h - 13 - 7. Let b = 25 + -25. Let c(w) = -w**3 + b*w**2 + w**2 + 2*w**2 - 1 - 2*w**2. What is c(l)?
-1
Let n(x) = -2 + 5*x + x - 3*x + 1. Suppose 0 = -g - 36 + 37. Determine n(g).
2
Let z(p) = -p**2 + 47*p - 166. Let d be z(43). Let i(x) = -x + 3. Let k be i(3). Suppose k = 2*c - c - d. Let j(u) = -u**2 + 6*u - 4. Give j(c).
-4
Let n = 494 - 500. Let q(o) = -2*o**2 - 9*o - 5. What is q(n)?
-23
Let w(z) be the third derivative of z**5/60 - 5*z**4/24 + z**3/2 + 317*z**2. What is w(4)?
-1
Let t be 102/(-27) + (-10)/45 - -1. Let k(f) = -f**2 + 5*f + 3. Let i be k(5). Let v(p) = -2 + 2*p + i - p. Calculate v(t).
-2
Let w(l) = -l**3 + 8*l**2 - 6*l - 7. Let n(y) = 21*y**2 + 6*y + 5. Let m be n(-1). Suppose 21 = m*b - 17*b. Calculate w(b).
0
Let l(z) = -6*z**2 - 25 + 18*z**2 + 0*z + 19*z + 29*z**2 + 8*z**3 - 6*z**3. Give l(-20).
-5
Let n(i) be the third derivative of i**6/120 + i**5/120 + i**4/24 + i**3/6 - i**2. Let o(f) be the first derivative of n(f). Determine o(-1).
3
Suppose 6*p + 30 = p. Let y = -7 - p. Let n be y/(8/(-3) - -3). Let h(r) = r**3 + 2*r**2 - 3*r - 4. Calculate h(n).
-4
Suppose 0 = 55*s - 53*s. Let q(a) = -a**2 - a - 10. Determine q(s).
-10
Let y(s) = 13 + 1 - s**3 - 11 + 11*s**2 + 12*s. What is y(12)?
3
Let b(k) be the first derivative of 4/3*k**3 - 1/4*k**4 + k + k**2 + 19. Calculate b(5).
-14
Let m be -1 + 1 + 11 + -4. Let z(f) = -10 - 16*f**3 + 10*f**3 + 7*f - 8*f**2 + 7*f**3. Determine z(m).
-10
Let n(c) = -c**2 + 12*c - 37. Let b be n(8). Let g be (-2)/(-4)*(-5 - b). Let i(f) = f - 23. Give i(g).
-23
Let a(c) = -7 + 6 + 7*c**2 - 3*c**2 - 4*c**2 - 2*c**2. Determine a(-2).
-9
Let t(f) = f**2 - 7*f + 4. Let p be t(5). Let d(w) be the first derivative of w**4/4 + 5*w**3/3 - 3*w**2 - w - 1. Give d(p).
-1
Let o(h) = -2*h - 3. Let l(q) = 5*q**2 - 14*q - 14. Let d be l(4). What is o(d)?
-23
Let x(v) = -15*v + 25*v**2 - 2 - 1 + 30*v**2 - 56*v**2. Give x(-15).
-3
Let z(w) = -3*w + 17. Let u be z(5). Let g(k) be the first derivative of 0*k**3 - 1/2*k**4 + 0*k**2 - k - u. Calculate g(-1).
1
Let g(v) = 2*v**3 - 5*v**2 - 2*v - 1. Let d = -273 - -277. Give g(d).
39
Let q(y) = -31*y**3 - 2*y + 15. Let f(r) = -15*r**3 - r + 7. Let w(c) = 4*c**2 + 4*c + 5. Let b be w(-2). Let m(x) = b*f(x) - 6*q(x). Determine m(1).
-9
Let f = -12 - -17. Suppose -4*s = 4, 13 + f = 3*a - 3*s. Let d(c) = c - 8. Give d(a).
-3
Suppose 0 = 9*x - 7*x - 10. Suppose x = -m - 1. Let a(g) = -g**3 - 5*g**2 + 5*g - 2. Determine a(m).
4
Suppose 0 = -2*w + 3*l + 17, 2*w - 3 + 7 = -4*l. Suppose 0 = -q - 1 + 6. Let d(x) = -2*x + x**3 - q*x**2 - 5 + 0*x**3 + 8*x + 0*x**3. Determine d(w).
3
Let v(l) = -11*l - 10. Let q(u) = 5*u + 5. Let f be -11 + (-2 - 1) + 1. Let c(g) = f*q(g) - 6*v(g). Determine c(0).
-5
Let m(k) = -90*k + 21. Let t(s) = 17*s - 4. Let b(i) = 4*m(i) + 21*t(i). Suppose -3*q - l + 3*l - 5 = 0, q + 3*l - 13 = 0. Determine b(q).
-3
Suppose 30 - 9 = -21*n. Let r(x) = -9*x + 1. What is r(n)?
10
Suppose 4 - 8 = -t. Let g(o) be the second derivative of 5*o + 1/12*o**4 + 0 - o**3 + 3/2*o**2. Calculate g(t).
-5
Let r(q) = 0*q**2 - 10*q - 7 + 8*q - q**2 + 3*q. Determine r(-5).
-37
Let y(m) = 5*m**2 - 15*m**2 - 9 + 11*m**2. Let f be y(4). Suppose f = -3*l + 1. Let n(i) = -4*i**2 - 4*i - 3. Give n(l).
-11
Let m(t) = -7*t**2 + 16*t**2 + t**2 - 2*t**2. What is m(-1)?
8
Let w(f) = -f**2 - 11*f - 9. Let q = 37 - 44. Let z(c) = c**2 + 10*c + 14. Let a be z(q). Determine w(a).
19
Let b(x) = -x**2 + 5*x - 4. Let o be b(4). Suppose -8*u + 43 = -5. Let s(t) = -10 - 2 - t - t**2 + u + 1. Calculate s(o).
-5
Let i be (-27)/(-5) + (-24)/60. Suppose -3*f + 5*u = -i*f - 9, -f - 3 = u. Let j be f/8 + (-15)/20. Let z(q) = -q**2 - 2*q - 1. What is z(j)?
0
Let a(f) = -9 + 4 + 4 + 0 - 3*f. What is a(-9)?
26
Let k(x) = x + 0*x + 0*x + 1 + 2*x. Let c(q) = 16*q + 6. Let o be -3 + 3 - 2 - 0. Let h(b) = o*c(b) + 11*k(b). Give h(5).
4
Suppose -6 = -3*o + 9. Let b be (6/o)/((-8)/(-60)). Suppose 4*v + 24 = 4*j, b = -0*j - 2*j - 5*v. Let y(a) = a + 2. Calculate y(j).
5
Suppose -734*t = -757*t - 115. Let j(s) = s**2 + 6*s + 9. Calculate j(t).
4
Suppose 5*u = 5*i - 55, 2*i + 8 - 30 = u. Let o(s) = i*s - 27*s + 18*s - 2. Let t be ((-1)/(-5) - 1)*-5. Determine o(t).
6
Suppose -11*b - 25 = 52. Let n(z) = z**3 + 7*z**2 + 10. Calculate n(b).
10
Let t(m) = 2*m**2 + 109*m + 160. Let a be t(-53). Let n(x) = -7*x**2 - 2*x + 1. Determine n(a).
-8
Let i(j) = -j. Let n(c) = 7*c + 1. Let d(y) = -3*i(y) + n(y). Let g(z) = -2*z. Let b(q) = -2*d(q) - 11*g(q). Give b(5).
8
Let p(m) = 20*m**3 + 111*m**2 - 49*m - 34. Let l(f) = 7*f**3 + 38*f**2 - 16*f - 11. Let b(j) = 17*l(j) - 6*p(j). Determine b(-21).
-4
Let v(w) = -w**2 + 8*w - 2. Let p = -91 - -100. What is v(p)?
-11
Let d(w) = -w**2 - 2*w + 2. Let o be (-2)/(-3) + 299/69. Let b = -2 + 2. Suppose b = 3*u + 4 + o. Determine d(u).
-1
Let h(x) be the first derivative of x**4/4 - 7*x**3/3 - 9*x**2/2 + 4*x + 3419. Let b be 2/8 - (-46)/8. Supp